{"id":384,"date":"2022-06-22T10:47:19","date_gmt":"2022-06-22T08:47:19","guid":{"rendered":"https:\/\/schneiderpen.com\/brand\/?page_id=384"},"modified":"2025-10-14T13:27:32","modified_gmt":"2025-10-14T11:27:32","slug":"promote","status":"publish","type":"page","link":"https:\/\/schneiderpen.com\/brand\/marke\/promote\/","title":{"rendered":"Schneider Promote"},"content":{"rendered":"\n<section class=\"opt-fullwidth opt-fullscreen opt-hero opt-primary opt-nopadding-bot lazyblock-hero-Z1wVcYv opt-nopadding-bot wp-block-lazyblock-hero\">\n    <div class=\"inner-wrapper\">\n\n        \n                            <div class=\"hero-wrapper\" style=\"background-image: url(https:\/\/schneiderpen.com\/brand\/wp-content\/uploads\/schneider-promote-hero-bild.jpg);\"><\/div>\n                    \n        \n\n    <\/div>\n<\/section>\n\n\n\n<section class=\"opt-fullwidth  opt-well   lazyblock-intro-21DFRu wp-block-lazyblock-intro\">\n    <div class=\"inner-wrapper\">\n        <div class=\"intro-wrapper\">\n            <div class=\"headline-wrapper\">\n                <h1>Schneider Promote<\/h1>\n            <\/div>\n            <div class=\"copy-wrapper\">\n                <p>Bedeutsames bleibt im Kopf. Mit hochwertigen Werbeschreibger\u00e4ten von Schneider setzen Unternehmen ein besonderes Zeichen der Wertsch\u00e4tzung: gemeinsame Werte zum Teilen, Weitergeben und daran Freuen.<\/p>\n                \n            <\/div>\n        <\/div>\n    <\/div>\n<\/section>\n\n\n\n<section class=\"opt-fullwidth   lazyblock-cards-Z12rY6B wp-block-lazyblock-cards\">\n    <div class=\"inner-wrapper\">\n\n        <div class=\"headline-wrapper\">\n        <h4>Das Sortiment im \u00dcberblick<\/h4>\n                    <div class=\"copy-wrapper opt-70\">\n                <p>Die Auswahl an Werbeschreibger\u00e4ten ist gro\u00df: vom klassischen Kugelschreiber bis hin zu stylischen Neon-Editionen. Dazu z\u00e4hlen auch viele Produkte, die mit dem Umweltzeichen Blauer Engel ausgezeichnet wurden.<\/p>\n            <\/div>\n            <\/div>\n    \n    <div class=\"cards-wrapper opt-20\">\n\n            \n                \n                <div class=\"card\">\n                                        <div class=\"card-wrapper\">\n                        <div class=\"image-wrapper\">\n                            <img decoding=\"async\" class=\"lozad\" src=\"https:\/\/schneiderpen.com\/brand\/wp-content\/uploads\/schneider-promote-produkt-kugelschreiber_slim.jpg\" data-src=\"https:\/\/schneiderpen.com\/brand\/wp-content\/uploads\/schneider-promote-produkt-kugelschreiber_slim.jpg\" alt=\"\">\n                        <\/div>\n                                                <div class=\"caption-wrapper\">\n                            <p>Kugelschreiber<\/p>                        <\/div>\n                                            <\/div>\n                                    <\/div>\n\n            \n                \n                <div class=\"card\">\n                                        <div class=\"card-wrapper\">\n                        <div class=\"image-wrapper\">\n                            <img decoding=\"async\" class=\"lozad\" src=\"https:\/\/schneiderpen.com\/brand\/wp-content\/uploads\/schneider-promote-produkt-textmarker_slim.jpg\" data-src=\"https:\/\/schneiderpen.com\/brand\/wp-content\/uploads\/schneider-promote-produkt-textmarker_slim.jpg\" alt=\"\">\n                        <\/div>\n                                                <div class=\"caption-wrapper\">\n                            <p>Textmarker<\/p>                        <\/div>\n                                            <\/div>\n                                    <\/div>\n\n            \n                \n                <div class=\"card\">\n                                        <div class=\"card-wrapper\">\n                        <div class=\"image-wrapper\">\n                            <img decoding=\"async\" class=\"lozad\" src=\"https:\/\/schneiderpen.com\/brand\/wp-content\/uploads\/schneider-promote-produkt-marker_slim.jpg\" data-src=\"https:\/\/schneiderpen.com\/brand\/wp-content\/uploads\/schneider-promote-produkt-marker_slim.jpg\" alt=\"\">\n                        <\/div>\n                                                <div class=\"caption-wrapper\">\n                            <p>Permanent Marker<\/p>                        <\/div>\n                                            <\/div>\n                                    <\/div>\n\n            \n                \n                <div class=\"card\">\n                                        <div class=\"card-wrapper\">\n                        <div class=\"image-wrapper\">\n                            <img decoding=\"async\" class=\"lozad\" src=\"https:\/\/schneiderpen.com\/brand\/wp-content\/uploads\/schneider-promote-produkt-fineliner_slim.jpg\" data-src=\"https:\/\/schneiderpen.com\/brand\/wp-content\/uploads\/schneider-promote-produkt-fineliner_slim.jpg\" alt=\"\">\n                        <\/div>\n                                                <div class=\"caption-wrapper\">\n                            <p>Fineliner<\/p>                        <\/div>\n                                            <\/div>\n                                    <\/div>\n\n            \n                \n                <div class=\"card\">\n                                        <div class=\"card-wrapper\">\n                        <div class=\"image-wrapper\">\n                            <img decoding=\"async\" class=\"lozad\" src=\"https:\/\/schneiderpen.com\/brand\/wp-content\/uploads\/schneider-promote-produkt-fueller_slim.jpg\" data-src=\"https:\/\/schneiderpen.com\/brand\/wp-content\/uploads\/schneider-promote-produkt-fueller_slim.jpg\" alt=\"\">\n                        <\/div>\n                                                <div class=\"caption-wrapper\">\n                            <p style=\"font-weight: 400;\">F\u00fcller &amp; Tintenroller<\/p>                        <\/div>\n                                            <\/div>\n                                    <\/div>\n\n                    <\/div>\n    <\/div>\n<\/section>\n\n\n\n\n<section class=\"opt-fullwidth opt-slim  opt-nopadding-bot lazyblock-media-single-g6Mho opt-nopadding-bot wp-block-lazyblock-media-single\">\n    <div class=\"inner-wrapper\">\n\n                <div class=\"headline-wrapper opt-center\">\n            <div class=\"copy-wrapper\">\n                <h4>Individuell &#038; flexibel<\/h4>                <div class=\"copy-wrapper\"><p style=\"font-weight: 400;\">Verschiedene Drucktechniken, eigene Sonderfarben, ausgefallene Kombinationen mit Mix &amp; Match: Werbeschreibger\u00e4te von Schneider sind alles andere als eint\u00f6nig. Wir bieten viele Optionen zur Individualisierung, die sich schon vorab im Pen Configurator ausprobieren und anfragen lassen.<\/p><\/div>            <\/div>\n        <\/div>\n        \n        <div class=\"media-single-wrapper\">\n\n                            <div class=\"image-wrapper\">\n                                            <img decoding=\"async\" class=\"lozad\" src=\"\" data-src=\"\" alt=\"\">\n                                    <\/div>\n            \n            \n        <\/div>\n    <\/div>\n<\/section>\n\n\n\n<section class=\"opt-fullwidth opt-fullscreen  opt-nopadding lazyblock-media-single-Z2elbqs opt-nopadding wp-block-lazyblock-media-single\">\n    <div class=\"inner-wrapper\">\n\n        \n        <div class=\"media-single-wrapper\">\n\n                            <div class=\"image-wrapper\">\n                                            <img decoding=\"async\" class=\"lozad\" src=\"https:\/\/schneiderpen.com\/brand\/wp-content\/uploads\/schneider-promote-individualisierbar-scaled.jpg\" data-src=\"https:\/\/schneiderpen.com\/brand\/wp-content\/uploads\/schneider-promote-individualisierbar-scaled.jpg\" alt=\"\">\n                                    <\/div>\n            \n            \n        <\/div>\n    <\/div>\n<\/section>\n\n\n\n<section class=\"opt-fullwidth opt-slim  opt-nopadding-top lazyblock-media-single-jR8lV opt-nopadding-top wp-block-lazyblock-media-single\">\n    <div class=\"inner-wrapper\">\n\n        \n        <div class=\"media-single-wrapper\">\n\n                            <div class=\"image-wrapper\">\n                                            <img decoding=\"async\" class=\"lozad\" src=\"\" data-src=\"\" alt=\"\">\n                                    <\/div>\n            \n                            <div class=\"btn-wrapper\">\n                    <a href=\"https:\/\/www.schneiderpen-configurator.com\/en\" class=\"btn btn-secondary\">Zum Pen Configurator<\/a>\n                <\/div>\n            \n        <\/div>\n    <\/div>\n<\/section>\n\n\n\n<section class=\"opt-fullwidth opt-fullscreen opt-media-text  opt-switch  lazyblock-media-text-Z1GovV2 wp-block-lazyblock-media-text\">\n    <div class=\"inner-wrapper\">\n        <div class=\"media-text-wrapper opt-switch\">\n            <div class=\"media-wrapper\">\n                                    <div class=\"image-wrapper\">\n                                                <img decoding=\"async\" class=\"lozad\" src=\"https:\/\/schneiderpen.com\/brand\/wp-content\/uploads\/schneider-promote-teaser-markenqualitaet.jpg\" data-src=\"https:\/\/schneiderpen.com\/brand\/wp-content\/uploads\/schneider-promote-teaser-markenqualitaet.jpg\" alt=\"\">\n                                            <\/div>\n                            <\/div>\n            <div class=\"text-wrapper \">\n                <h4>Quick Guide Markenqualit\u00e4t<\/h4>\n\n                <p style=\"font-weight: 400;\">Ob Kugelschreiber am Messestand oder edle F\u00fcller f\u00fcr langj\u00e4hrige Mitarbeitende: Werbeschreibger\u00e4te von Schneider sind f\u00fcr alle da, aber das macht unseren Anspruch keineswegs beliebig. Das Sortiment besteht aus hochwertigen, alltagstauglichen und nachhaltigen Produkten \u2013 entwickelt und hergestellt in Deutschland. Damit stehen wir f\u00fcr Markenqualit\u00e4t, auf die sich Kund*innen verlassen k\u00f6nnen.<\/p>\n                \n                                    <div class=\"btn-wrapper\">\n                        <a href=\"https:\/\/schneiderpen.com\/brand\/basics\/made-in-germany\/\" class=\"btn btn-outline\">Zu Made in Germany<\/a>\n                    <\/div>\n                \n            <\/div>\n        <\/div>\n    <\/div>\n<\/section>\n\n\n\n<section class=\"opt-fullwidth opt-fullscreen opt-media-text    lazyblock-media-text-Z2w5B56 wp-block-lazyblock-media-text\">\n    <div class=\"inner-wrapper\">\n        <div class=\"media-text-wrapper \">\n            <div class=\"media-wrapper\">\n                                    <div class=\"image-wrapper\">\n                                                <img decoding=\"async\" class=\"lozad\" src=\"https:\/\/schneiderpen.com\/brand\/wp-content\/uploads\/schneider-promote-teaser-verlauf.jpg\" data-src=\"https:\/\/schneiderpen.com\/brand\/wp-content\/uploads\/schneider-promote-teaser-verlauf.jpg\" alt=\"\">\n                                            <\/div>\n                            <\/div>\n            <div class=\"text-wrapper \">\n                <h4>Quick Guide Farbverlauf<\/h4>\n\n                <p style=\"font-weight: 400;\">Bei Schneider Promote werden exklusive Farbverl\u00e4ufe eingesetzt, die allein diesem Produktbereich vorbehalten sind. Sie k\u00f6nnen entweder im Rahmen vollfl\u00e4chiger Hintergrundfonds oder als Farbfl\u00e4che mit abgerundeten Ecken verwendet werden. Mehr \u00fcber unsere Unternehmensfarben findest du im weiterf\u00fchrenden Kapitel zum Nachlesen.<\/p>\n                \n                                    <div class=\"btn-wrapper\">\n                        <a href=\"https:\/\/schneiderpen.com\/brand\/basics\/farben\/\" class=\"btn btn-outline\">Zu den Farben<\/a>\n                    <\/div>\n                \n            <\/div>\n        <\/div>\n    <\/div>\n<\/section>\n\n\n\n<section class=\"opt-fullwidth opt-fullscreen opt-media-text  opt-switch  lazyblock-media-text-Z13C1Pn wp-block-lazyblock-media-text\">\n    <div class=\"inner-wrapper\">\n        <div class=\"media-text-wrapper opt-switch\">\n            <div class=\"media-wrapper\">\n                                    <div class=\"image-wrapper\">\n                                                <img decoding=\"async\" class=\"lozad\" src=\"https:\/\/schneiderpen.com\/brand\/wp-content\/uploads\/schneider-promote-teaser-bildwelt-1.jpg\" data-src=\"https:\/\/schneiderpen.com\/brand\/wp-content\/uploads\/schneider-promote-teaser-bildwelt-1.jpg\" alt=\"\">\n                                            <\/div>\n                            <\/div>\n            <div class=\"text-wrapper \">\n                <h4>Quick Guide Bildwelt<\/h4>\n\n                <p style=\"font-weight: 400;\">Es gibt zwei Arten der Produktdarstellung bei Schneider Promote: hochwertige Inszenierungen im k\u00fcnstlichen Raum und Motive, in denen unsere Schreibger\u00e4te in Szenen aus dem gelebten Alltag eingebettet sind. Tiefergehende Informationen und Hinweise findest du im Kapitel \u201eBildwelt\u201c.<\/p>\n                \n                                    <div class=\"btn-wrapper\">\n                        <a href=\"https:\/\/schneiderpen.com\/brand\/basics\/bildwelt\/\" class=\"btn btn-outline\">Zur Bildwelt<\/a>\n                    <\/div>\n                \n            <\/div>\n        <\/div>\n    <\/div>\n<\/section>\n\n\n\n<section class=\"opt-fullwidth  lazyblock-teaser-related-26OTWC wp-block-lazyblock-teaser-related\">\n    <div class=\"inner-wrapper\">\n        <div class=\"teaser-related-wrapper\">\n            <div class=\"headline-wrapper opt-center\">\n                <h4><\/h4>\n            <\/div>\n\n            \n                <div class=\"teaser-cards opt-50 \">\n\n                \n                    \n                    <a href=\"https:\/\/schneiderpen.com\/brand\/marke\/write\/\" class=\"teaser-card-item\">\n                        <div class=\"teaser-card-wrapper\">\n                            <div class=\"caption-wrapper\">\n                                <p class=\"label\">Produktbereich<\/p>                                <h4>Schneider Write<\/h4>\n                            <\/div>\n                            <div class=\"image-wrapper\">\n                                <img decoding=\"async\" class=\"lozad\" src=\"https:\/\/schneiderpen.com\/brand\/wp-content\/uploads\/schneider-marke-bereiche-write-bild.jpg\" data-src=\"https:\/\/schneiderpen.com\/brand\/wp-content\/uploads\/schneider-marke-bereiche-write-bild.jpg\" alt=\"Schneider Write\">\n                            <\/div>\n                        <\/div>\n                    <\/a>\n\n                \n                    \n                    <a href=\"https:\/\/schneiderpen.com\/brand\/marke\/create\/\" class=\"teaser-card-item\">\n                        <div class=\"teaser-card-wrapper\">\n                            <div class=\"caption-wrapper\">\n                                <p class=\"label\">Produktbereich<\/p>                                <h4>Schneider Create<\/h4>\n                            <\/div>\n                            <div class=\"image-wrapper\">\n                                <img decoding=\"async\" class=\"lozad\" src=\"https:\/\/schneiderpen.com\/brand\/wp-content\/uploads\/schneider-marke-bereiche-create-bild.jpg\" data-src=\"https:\/\/schneiderpen.com\/brand\/wp-content\/uploads\/schneider-marke-bereiche-create-bild.jpg\" alt=\"Schneider Create\">\n                            <\/div>\n                        <\/div>\n                    <\/a>\n\n                \n                <\/div>\n\n            \n\n        <\/div>\n    <\/div>\n<\/section>\n","protected":false},"excerpt":{"rendered":"","protected":false},"author":1,"featured_media":0,"parent":5,"menu_order":4,"comment_status":"closed","ping_status":"closed","template":"","meta":{"_acf_changed":false,"_seopress_robots_primary_cat":"","_seopress_titles_title":"","_seopress_titles_desc":"","_seopress_robots_index":"","footnotes":""},"class_list":["post-384","page","type-page","status-publish","hentry"],"acf":[],"lang":"de","translations":{"de":384,"en":8323},"pll_sync_post":[],"_links":{"self":[{"href":"https:\/\/schneiderpen.com\/brand\/wp-json\/wp\/v2\/pages\/384","targetHints":{"allow":["GET"]}}],"collection":[{"href":"https:\/\/schneiderpen.com\/brand\/wp-json\/wp\/v2\/pages"}],"about":[{"href":"https:\/\/schneiderpen.com\/brand\/wp-json\/wp\/v2\/types\/page"}],"author":[{"embeddable":true,"href":"https:\/\/schneiderpen.com\/brand\/wp-json\/wp\/v2\/users\/1"}],"replies":[{"embeddable":true,"href":"https:\/\/schneiderpen.com\/brand\/wp-json\/wp\/v2\/comments?post=384"}],"version-history":[{"count":104,"href":"https:\/\/schneiderpen.com\/brand\/wp-json\/wp\/v2\/pages\/384\/revisions"}],"predecessor-version":[{"id":10846,"href":"https:\/\/schneiderpen.com\/brand\/wp-json\/wp\/v2\/pages\/384\/revisions\/10846"}],"up":[{"embeddable":true,"href":"https:\/\/schneiderpen.com\/brand\/wp-json\/wp\/v2\/pages\/5"}],"wp:attachment":[{"href":"https:\/\/schneiderpen.com\/brand\/wp-json\/wp\/v2\/media?parent=384"}],"curies":[{"name":"wp","href":"https:\/\/api.w.org\/{rel}","templated":true}]}}