{"id":5438,"date":"2025-03-04T13:32:58","date_gmt":"2025-03-04T12:32:58","guid":{"rendered":"https:\/\/schneiderpen.com\/brand\/?page_id=5438"},"modified":"2026-02-24T12:17:23","modified_gmt":"2026-02-24T11:17:23","slug":"create","status":"publish","type":"page","link":"https:\/\/schneiderpen.com\/brand\/marke\/create\/","title":{"rendered":"Schneider Create"},"content":{"rendered":"\n<section class=\"opt-fullwidth opt-fullscreen opt-hero opt-primary opt-nopadding-bot lazyblock-hero-Z1wVcYv opt-nopadding-bot wp-block-lazyblock-hero\">\n    <div class=\"inner-wrapper\">\n\n        \n                            <div class=\"hero-wrapper\" style=\"background-image: url(https:\/\/schneiderpen.com\/brand\/wp-content\/uploads\/schneider-create-hero-chrome.jpg);\"><\/div>\n                    \n        \n\n    <\/div>\n<\/section>\n\n\n\n<section class=\"opt-fullwidth opt-fullscreen opt-primary opt-well opt-nopadding lazyblock-media-single-DJ6la opt-nopadding wp-block-lazyblock-media-single\">\n    <div class=\"inner-wrapper\">\n\n        \n        <div class=\"media-single-wrapper\">\n\n                            <div class=\"image-wrapper\">\n                                            <img decoding=\"async\" class=\"lozad\" src=\"https:\/\/schneiderpen.com\/brand\/wp-content\/uploads\/schneider-create-minds.svg\" data-src=\"https:\/\/schneiderpen.com\/brand\/wp-content\/uploads\/schneider-create-minds.svg\" alt=\"\">\n                                    <\/div>\n            \n            \n        <\/div>\n    <\/div>\n<\/section>\n\n\n\n<section class=\"opt-fullwidth opt-primary opt-well opt-invert opt-nopadding lazyblock-intro-21DFRu opt-nopadding wp-block-lazyblock-intro\">\n    <div class=\"inner-wrapper\">\n        <div class=\"intro-wrapper\">\n            <div class=\"headline-wrapper\">\n                <h1>Schneider Create<\/h1>\n            <\/div>\n            <div class=\"copy-wrapper\">\n                <p>Etwas Bedeutendes zu schaffen gelingt oft nur dann, wenn man neue Wege geht.\u00a0Mit unseren DIY-Produkten unterst\u00fctzen wir mutige\u00a0Maker*innen, durch ihre kreative Arbeit etwas zu ver\u00e4ndern.<\/p>\n                \n            <\/div>\n        <\/div>\n    <\/div>\n<\/section>\n\n\n\n<section class=\"opt-fullwidth opt-fullscreen  opt-nopadding-top lazyblock-media-single-1ehqEe opt-nopadding-top wp-block-lazyblock-media-single\">\n    <div class=\"inner-wrapper\">\n\n        \n        <div class=\"media-single-wrapper\">\n\n                            <div class=\"image-wrapper\">\n                                            <img decoding=\"async\" class=\"lozad\" src=\"https:\/\/schneiderpen.com\/brand\/wp-content\/uploads\/schneider-create-brush-hb-w.jpg\" data-src=\"https:\/\/schneiderpen.com\/brand\/wp-content\/uploads\/schneider-create-brush-hb-w.jpg\" alt=\"\">\n                                    <\/div>\n            \n            \n        <\/div>\n    <\/div>\n<\/section>\n\n\n\n<section class=\"opt-fullwidth   lazyblock-cards-Z12rY6B wp-block-lazyblock-cards\">\n    <div class=\"inner-wrapper\">\n\n        <div class=\"headline-wrapper\">\n        <h4>Das Sortiment im \u00dcberblick<\/h4>\n                    <div class=\"copy-wrapper opt-70\">\n                <p>Kreativit\u00e4t l\u00e4sst sich nicht b\u00e4ndigen! Deshalb bietet Schneider Create Kreativen aus der ganzen Welt die passenden Tools, um ihre Ideen zu verwirklichen \u2013 unabh\u00e4ngig von Stil, Technik oder Untergrund.<\/p>\n            <\/div>\n            <\/div>\n    \n    <div class=\"cards-wrapper opt-33\">\n\n            \n                \n                <div class=\"card\">\n                                        <div class=\"card-wrapper\">\n                        <div class=\"image-wrapper\">\n                            <img decoding=\"async\" class=\"lozad\" src=\"https:\/\/schneiderpen.com\/brand\/wp-content\/uploads\/schneider-create-tools-acrylmarker.jpg\" data-src=\"https:\/\/schneiderpen.com\/brand\/wp-content\/uploads\/schneider-create-tools-acrylmarker.jpg\" alt=\"\">\n                        <\/div>\n                                                <div class=\"caption-wrapper\">\n                            <p style=\"font-weight: 400;\"><strong>Marker f\u00fcr verschiedene Oberfl\u00e4chen<\/strong><\/p>\n<p style=\"font-weight: 400;\">Acrylmarker, Kreidemarker &amp; Permanent Marker<\/p>                        <\/div>\n                                            <\/div>\n                                    <\/div>\n\n            \n                \n                <div class=\"card\">\n                                        <div class=\"card-wrapper\">\n                        <div class=\"image-wrapper\">\n                            <img decoding=\"async\" class=\"lozad\" src=\"https:\/\/schneiderpen.com\/brand\/wp-content\/uploads\/schneider-create-tools-spraypaint.jpg\" data-src=\"https:\/\/schneiderpen.com\/brand\/wp-content\/uploads\/schneider-create-tools-spraypaint.jpg\" alt=\"\">\n                        <\/div>\n                                                <div class=\"caption-wrapper\">\n                            <p><strong>Spr\u00fchdosen<\/strong><\/p>\n<p>Acrylfarbe<\/p>                        <\/div>\n                                            <\/div>\n                                    <\/div>\n\n            \n                \n                <div class=\"card\">\n                                        <div class=\"card-wrapper\">\n                        <div class=\"image-wrapper\">\n                            <img decoding=\"async\" class=\"lozad\" src=\"https:\/\/schneiderpen.com\/brand\/wp-content\/uploads\/schneider-create-tools-chrome.jpg\" data-src=\"https:\/\/schneiderpen.com\/brand\/wp-content\/uploads\/schneider-create-tools-chrome.jpg\" alt=\"\">\n                        <\/div>\n                                                <div class=\"caption-wrapper\">\n                            <p style=\"font-weight: 400;\"><strong>Produkte mit Metallic- und Chrome-Effekten<\/strong><\/p>\n<p style=\"font-weight: 400;\">Marker, Liner &amp; Rollerballs<\/p>                        <\/div>\n                                            <\/div>\n                                    <\/div>\n\n            \n                \n                <div class=\"card\">\n                                        <div class=\"card-wrapper\">\n                        <div class=\"image-wrapper\">\n                            <img decoding=\"async\" class=\"lozad\" src=\"https:\/\/schneiderpen.com\/brand\/wp-content\/uploads\/schneider-create-tools-fineliner.jpg\" data-src=\"https:\/\/schneiderpen.com\/brand\/wp-content\/uploads\/schneider-create-tools-fineliner.jpg\" alt=\"\">\n                        <\/div>\n                                                <div class=\"caption-wrapper\">\n                            <p style=\"font-weight: 400;\"><strong>Sketching &amp; Coloring<\/strong><\/p>\n<p style=\"font-weight: 400;\">Fineliner &amp; Twinmarker<\/p>                        <\/div>\n                                            <\/div>\n                                    <\/div>\n\n            \n                \n                <div class=\"card\">\n                                        <div class=\"card-wrapper\">\n                        <div class=\"image-wrapper\">\n                            <img decoding=\"async\" class=\"lozad\" src=\"https:\/\/schneiderpen.com\/brand\/wp-content\/uploads\/schneider-create-tools-brushpen.jpg\" data-src=\"https:\/\/schneiderpen.com\/brand\/wp-content\/uploads\/schneider-create-tools-brushpen.jpg\" alt=\"\">\n                        <\/div>\n                                                <div class=\"caption-wrapper\">\n                            <p style=\"font-weight: 400;\"><strong>Kalligrafie<\/strong><\/p>\n<p style=\"font-weight: 400;\">F\u00fcller &amp; Brushpens<\/p>                        <\/div>\n                                            <\/div>\n                                    <\/div>\n\n            \n                \n                <div class=\"card\">\n                                        <div class=\"card-wrapper\">\n                        <div class=\"image-wrapper\">\n                            <img decoding=\"async\" class=\"lozad\" src=\"https:\/\/schneiderpen.com\/brand\/wp-content\/uploads\/schneider-create-tools-textmarker.jpg\" data-src=\"https:\/\/schneiderpen.com\/brand\/wp-content\/uploads\/schneider-create-tools-textmarker.jpg\" alt=\"\">\n                        <\/div>\n                                                <div class=\"caption-wrapper\">\n                            <p style=\"font-weight: 400;\"><strong>Journaling<\/strong><\/p>\n<p style=\"font-weight: 400;\">Textmarker, Kugelschreiber &amp; Rollerballs<\/p>                        <\/div>\n                                            <\/div>\n                                    <\/div>\n\n                    <\/div>\n    <\/div>\n<\/section>\n\n\n\n\n<section class=\"opt-fullwidth opt-slim  opt-well opt-nopadding-bot  lazyblock-headline-2btnMH wp-block-lazyblock-headline\">\n    <div class=\"inner-wrapper\">\n\n        <div class=\"headline-copy-wrapper\">\n\n            <div class=\"headline-wrapper \">\n                <h2>Herzst\u00fcck der Kommunikation: die Maker*innen<\/h2>\n                                <div class=\"copy-wrapper\">\n                    <p>Ob eindrucksvolle Portraits mit den Kugelschreibern der Serie Slider Edge, zarte Illustrationen mit dem Pictus oder farbenfrohe Malereien auf den unterschiedlichsten Untergr\u00fcnden mit den Acrylmarkern: Unsere Maker*innen zeigen, was sie k\u00f6nnen. Mit ihren Arbeiten und ihrer individuellen Geschichte inspirieren und ermutigen sie die kreative Community \u2013 ehrlich, authentisch und auf Augenh\u00f6he.<\/p>\n                <\/div>\n                \n                \n            <\/div>\n\n        <\/div>\n\n    <\/div>\n<\/section>\n\n\n\n<section class=\"opt-fullwidth opt-fullscreen   lazyblock-media-single-g6Mho wp-block-lazyblock-media-single\">\n    <div class=\"inner-wrapper\">\n\n        \n        <div class=\"media-single-wrapper\">\n\n                            <div class=\"image-wrapper\">\n                                            <img decoding=\"async\" class=\"lozad\" src=\"https:\/\/schneiderpen.com\/brand\/wp-content\/uploads\/schneider-create-maker-innen-scaled.jpg\" data-src=\"https:\/\/schneiderpen.com\/brand\/wp-content\/uploads\/schneider-create-maker-innen-scaled.jpg\" alt=\"\">\n                                    <\/div>\n            \n            \n        <\/div>\n    <\/div>\n<\/section>\n\n\n\n<section class=\"opt-fullwidth opt-slim   lazyblock-media-single-1hzdnJ wp-block-lazyblock-media-single\">\n    <div class=\"inner-wrapper\">\n\n                <div class=\"headline-wrapper \">\n            <div class=\"copy-wrapper\">\n                <h4>Die Maker Storys: sympathisch und echt<\/h4>                <div class=\"copy-wrapper\"><p style=\"font-weight: 400;\">Peter aus den Niederlanden, Steffi aus Deutschland, Andi aus Ungarn, Tomek aus Polen: Ihre Kreativit\u00e4t verbindet kreative K\u00f6pfe auf der ganzen Welt miteinander. In kurzen Videos erz\u00e4hlen sie ihre ganz pers\u00f6nliche Geschichte. Damit best\u00e4rken sie viele andere DIY-Fans darin, ihre Ideen ebenso zu verwirklichen.<\/p><\/div>            <\/div>\n        <\/div>\n        \n        <div class=\"media-single-wrapper\">\n\n                            <div class=\"video-wrapper\">\n                     <div class=\"brlbs-cmpnt-container brlbs-cmpnt-content-blocker brlbs-cmpnt-with-individual-styles\" data-borlabs-cookie-content-blocker-id=\"youtube-content-blocker\" data-borlabs-cookie-content=\"PGlmcmFtZSB3aWR0aD0iNTYwIiBoZWlnaHQ9IjMxNSIgc3JjPSJodHRwczovL3d3dy55b3V0dWJlLW5vY29va2llLmNvbS9lbWJlZC9lWjhaaWpJa2RuUT9zaT1HTmRVTWNTVUMxVTY3ZnJnIiB0aXRsZT0iWW91VHViZSB2aWRlbyBwbGF5ZXIiIGZyYW1lYm9yZGVyPSIwIiBhbGxvdz0iYWNjZWxlcm9tZXRlcjsgYXV0b3BsYXk7IGNsaXBib2FyZC13cml0ZTsgZW5jcnlwdGVkLW1lZGlhOyBneXJvc2NvcGU7IHBpY3R1cmUtaW4tcGljdHVyZTsgd2ViLXNoYXJlIiByZWZlcnJlcnBvbGljeT0ic3RyaWN0LW9yaWdpbi13aGVuLWNyb3NzLW9yaWdpbiIgYWxsb3dmdWxsc2NyZWVuPjwvaWZyYW1lPg==\"><div class=\"brlbs-cmpnt-cb-preset-c brlbs-cmpnt-cb-youtube\"> <div class=\"brlbs-cmpnt-cb-thumbnail\" style=\"background-image: url('https:\/\/schneiderpen.com\/brand\/wp-content\/uploads\/borlabs-cookie\/1\/yt_eZ8ZijIkdnQ_hqdefault.jpg')\"><\/div> <div class=\"brlbs-cmpnt-cb-main\"> <div class=\"brlbs-cmpnt-cb-play-button\"><\/div> <div class=\"brlbs-cmpnt-cb-content\"> <p class=\"brlbs-cmpnt-cb-description\">Sie sehen gerade einen Platzhalterinhalt von <strong>YouTube<\/strong>. Um auf den eigentlichen Inhalt zuzugreifen, klicken Sie auf die Schaltfl\u00e4che unten. Bitte beachten Sie, dass dabei Daten an Drittanbieter weitergegeben werden.<\/p> <a class=\"brlbs-cmpnt-cb-provider-toggle\" href=\"#\" data-borlabs-cookie-show-provider-information role=\"button\">Mehr Informationen<\/a> <\/div> <div class=\"brlbs-cmpnt-cb-buttons\"> <a class=\"brlbs-cmpnt-cb-btn\" href=\"#\" data-borlabs-cookie-unblock role=\"button\">Inhalt entsperren<\/a> <a class=\"brlbs-cmpnt-cb-btn\" href=\"#\" data-borlabs-cookie-accept-service role=\"button\" style=\"display: inherit\">Erforderlichen Service akzeptieren und Inhalte entsperren<\/a> <\/div> <\/div> <\/div><\/div>                <\/div>\n            \n                            <div class=\"btn-wrapper\">\n                    <a href=\"https:\/\/www.youtube.com\/playlist?list=PLUwzkXg8cIVdwIwqs-vTVlT-EELfPaBCx\" class=\"btn btn-secondary\">Zu den Maker Storys<\/a>\n                <\/div>\n            \n        <\/div>\n    <\/div>\n<\/section>\n\n\n\n<section class=\"opt-fullwidth opt-fullscreen opt-media-text  opt-switch  lazyblock-media-text-Z2w5B56 wp-block-lazyblock-media-text\">\n    <div class=\"inner-wrapper\">\n        <div class=\"media-text-wrapper opt-switch\">\n            <div class=\"media-wrapper\">\n                                    <div class=\"image-wrapper\">\n                                                <img decoding=\"async\" class=\"lozad\" src=\"https:\/\/schneiderpen.com\/brand\/wp-content\/uploads\/schneider-create-quickguide-bildwelt.jpg\" data-src=\"https:\/\/schneiderpen.com\/brand\/wp-content\/uploads\/schneider-create-quickguide-bildwelt.jpg\" alt=\"\">\n                                            <\/div>\n                            <\/div>\n            <div class=\"text-wrapper \">\n                <h4>Quick Guide Bildwelt<\/h4>\n\n                <p style=\"font-weight: 400;\">Markanter, dunkler und mutiger: Schneider Create setzt eigene Akzente in der Bildwelt. Wir tauchen hier ein in die Welt junger Kreativer, die gegen den Mainstream schwimmen. Dabei r\u00fccken wir ihre Pers\u00f6nlichkeit und ihre Werke in den Fokus \u2013 rough, authentisch und hautnah. Wie du diesen spezifischen Bild-Look erzeugst, erf\u00e4hrst du im Kapitel \u201eBildwelt\u201c.<\/p>\n                \n                                    <div class=\"btn-wrapper\">\n                        <a href=\"https:\/\/schneiderpen.com\/brand\/basics\/bildwelt\/\" class=\"btn btn-outline\">Zur Bildwelt<\/a>\n                    <\/div>\n                \n            <\/div>\n        <\/div>\n    <\/div>\n<\/section>\n\n\n\n<section class=\"opt-fullwidth opt-fullscreen opt-media-text    lazyblock-media-text-Z13C1Pn wp-block-lazyblock-media-text\">\n    <div class=\"inner-wrapper\">\n        <div class=\"media-text-wrapper \">\n            <div class=\"media-wrapper\">\n                                    <div class=\"image-wrapper\">\n                                                <img decoding=\"async\" class=\"lozad\" src=\"https:\/\/schneiderpen.com\/brand\/wp-content\/uploads\/schneider-create-makersline-quickguide.svg\" data-src=\"https:\/\/schneiderpen.com\/brand\/wp-content\/uploads\/schneider-create-makersline-quickguide.svg\" alt=\"\">\n                                            <\/div>\n                            <\/div>\n            <div class=\"text-wrapper \">\n                <h4>Quick Guide Typografie<\/h4>\n\n                <p style=\"font-weight: 400;\">Rebellisch, unkonventionell und mit einer ganz eigenen Handschrift: Die Makers Line Regular spiegelt das Individuelle, das Selbstgemachte wider. Die Schrift wurde von unserer Markenagentur eigens entworfen und transportiert den DIY-Gedanken dieses Produktbereichs. Der Font wird stets auf Brush-Elementen platziert.<\/p>\n                \n                                    <div class=\"btn-wrapper\">\n                        <a href=\"https:\/\/schneiderpen.com\/brand\/basics\/typografie\/\" class=\"btn btn-outline\">Zur Typografie<\/a>\n                    <\/div>\n                \n            <\/div>\n        <\/div>\n    <\/div>\n<\/section>\n\n\n\n<section class=\"opt-fullwidth opt-fullscreen opt-media-text  opt-switch  lazyblock-media-text-14eLsI wp-block-lazyblock-media-text\">\n    <div class=\"inner-wrapper\">\n        <div class=\"media-text-wrapper opt-switch\">\n            <div class=\"media-wrapper\">\n                                    <div class=\"image-wrapper\">\n                                                <img decoding=\"async\" class=\"lozad\" src=\"https:\/\/schneiderpen.com\/brand\/wp-content\/uploads\/schneider-create-quickguide-brush.jpg\" data-src=\"https:\/\/schneiderpen.com\/brand\/wp-content\/uploads\/schneider-create-quickguide-brush.jpg\" alt=\"\">\n                                            <\/div>\n                            <\/div>\n            <div class=\"text-wrapper \">\n                <h4>Quick Guide Grafikelemente<\/h4>\n\n                <p style=\"font-weight: 400;\">Auch bei den Grafikelementen zeigt sich Schneider Create unkonventionell, mutig und unangepasst. Der Create Brush in Anmutung eines Markerstrichs bringt Dynamik und Spontanit\u00e4t ins Design. Doch aufgepasst: Setze dieses Grafikelement nur sehr gezielt ein, um seine Wirkung nicht zu schw\u00e4chen. Praktische Tipps und Tricks zum Umgang mit dem Create Brush verraten wir dir im weiterf\u00fchrenden Kapitel.<\/p>\n                \n                                    <div class=\"btn-wrapper\">\n                        <a href=\"https:\/\/schneiderpen.com\/brand\/basics\/grafikelemente\/\" class=\"btn btn-outline\">Zu den Grafikelementen<\/a>\n                    <\/div>\n                \n            <\/div>\n        <\/div>\n    <\/div>\n<\/section>\n\n\n\n<section class=\"opt-fullwidth  lazyblock-teaser-related-26OTWC wp-block-lazyblock-teaser-related\">\n    <div class=\"inner-wrapper\">\n        <div class=\"teaser-related-wrapper\">\n            <div class=\"headline-wrapper opt-center\">\n                <h4><\/h4>\n            <\/div>\n\n            \n                <div class=\"teaser-cards opt-50 \">\n\n                \n                    \n                    <a href=\"https:\/\/schneiderpen.com\/brand\/marke\/write\/\" class=\"teaser-card-item\">\n                        <div class=\"teaser-card-wrapper\">\n                            <div class=\"caption-wrapper\">\n                                <p class=\"label\">Produktbereich<\/p>                                <h4>Schneider Write<\/h4>\n                            <\/div>\n                            <div class=\"image-wrapper\">\n                                <img decoding=\"async\" class=\"lozad\" src=\"https:\/\/schneiderpen.com\/brand\/wp-content\/uploads\/schneider-marke-bereiche-write-bild.jpg\" data-src=\"https:\/\/schneiderpen.com\/brand\/wp-content\/uploads\/schneider-marke-bereiche-write-bild.jpg\" alt=\"Schneider Write\">\n                            <\/div>\n                        <\/div>\n                    <\/a>\n\n                \n                    \n                    <a href=\"https:\/\/schneiderpen.com\/brand\/marke\/promote\/\" class=\"teaser-card-item\">\n                        <div class=\"teaser-card-wrapper\">\n                            <div class=\"caption-wrapper\">\n                                <p class=\"label\">Produktbereich<\/p>                                <h4>Schneider Promote<\/h4>\n                            <\/div>\n                            <div class=\"image-wrapper\">\n                                <img decoding=\"async\" class=\"lozad\" src=\"https:\/\/schneiderpen.com\/brand\/wp-content\/uploads\/schneider-marke-bereiche-promote.jpg\" data-src=\"https:\/\/schneiderpen.com\/brand\/wp-content\/uploads\/schneider-marke-bereiche-promote.jpg\" alt=\"Schneider Promote\">\n                            <\/div>\n                        <\/div>\n                    <\/a>\n\n                \n                <\/div>\n\n            \n\n        <\/div>\n    <\/div>\n<\/section>\n","protected":false},"excerpt":{"rendered":"","protected":false},"author":1,"featured_media":0,"parent":5,"menu_order":3,"comment_status":"closed","ping_status":"closed","template":"","meta":{"_acf_changed":false,"_seopress_robots_primary_cat":"","_seopress_titles_title":"","_seopress_titles_desc":"","_seopress_robots_index":"","footnotes":""},"class_list":["post-5438","page","type-page","status-publish","hentry"],"acf":[],"lang":"de","translations":{"de":5438,"en":7324},"pll_sync_post":[],"_links":{"self":[{"href":"https:\/\/schneiderpen.com\/brand\/wp-json\/wp\/v2\/pages\/5438","targetHints":{"allow":["GET"]}}],"collection":[{"href":"https:\/\/schneiderpen.com\/brand\/wp-json\/wp\/v2\/pages"}],"about":[{"href":"https:\/\/schneiderpen.com\/brand\/wp-json\/wp\/v2\/types\/page"}],"author":[{"embeddable":true,"href":"https:\/\/schneiderpen.com\/brand\/wp-json\/wp\/v2\/users\/1"}],"replies":[{"embeddable":true,"href":"https:\/\/schneiderpen.com\/brand\/wp-json\/wp\/v2\/comments?post=5438"}],"version-history":[{"count":96,"href":"https:\/\/schneiderpen.com\/brand\/wp-json\/wp\/v2\/pages\/5438\/revisions"}],"predecessor-version":[{"id":11348,"href":"https:\/\/schneiderpen.com\/brand\/wp-json\/wp\/v2\/pages\/5438\/revisions\/11348"}],"up":[{"embeddable":true,"href":"https:\/\/schneiderpen.com\/brand\/wp-json\/wp\/v2\/pages\/5"}],"wp:attachment":[{"href":"https:\/\/schneiderpen.com\/brand\/wp-json\/wp\/v2\/media?parent=5438"}],"curies":[{"name":"wp","href":"https:\/\/api.w.org\/{rel}","templated":true}]}}