{"id":5876,"date":"2025-03-14T09:46:28","date_gmt":"2025-03-14T08:46:28","guid":{"rendered":"https:\/\/schneiderpen.com\/brand\/?page_id=5876"},"modified":"2025-10-02T09:55:48","modified_gmt":"2025-10-02T07:55:48","slug":"farben","status":"publish","type":"page","link":"https:\/\/schneiderpen.com\/brand\/basics\/farben\/","title":{"rendered":"Farben"},"content":{"rendered":"\n<section class=\"opt-fullwidth  opt-well   lazyblock-intro-11DXv0 wp-block-lazyblock-intro\">\n    <div class=\"inner-wrapper\">\n        <div class=\"intro-wrapper\">\n            <div class=\"headline-wrapper\">\n                <h1>Farben<\/h1>\n            <\/div>\n            <div class=\"copy-wrapper\">\n                <p>Seit Generationen ist Blau die Schreibfarbe Nr. 1 in Deutschland. Das spiegelt auch die Farbwelt von Schneider wider mit einer Farbpalette aus charakterstarken Blaut\u00f6nen, die sowohl vollfl\u00e4chig als auch in Verl\u00e4ufen eingesetzt werden k\u00f6nnen.<\/p>\n                \n            <\/div>\n        <\/div>\n    <\/div>\n<\/section>\n\n\n\n<section class=\"opt-fullwidth  opt-nopadding-top lazyblock-cards-2oNT16 opt-nopadding-top wp-block-lazyblock-cards\">\n    <div class=\"inner-wrapper\">\n\n        <div class=\"headline-wrapper\">\n        <h4>Prim\u00e4rfarben<\/h4>\n                    <div class=\"copy-wrapper opt-70\">\n                <p>Hier siehst du eine \u00dcbersicht der Hausfarben von Schneider. Das Heritage Blue hat bereits eine lange Tradition in unserer Firmengeschichte und pr\u00e4gt den Markenauftritt \u00fcber alle Kommunikationskan\u00e4le hinweg. Das intensive Make it Blue ist dagegen insbesondere f\u00fcr den digitalen Einsatz vorgesehen. Leuchtende Highlights setzen wir mit Matter Blue. Die korrekten Farbwerte f\u00fcr die unterschiedlichen Ausgabemedien kannst du der folgenden Farbwerttabelle entnehmen:<\/p>\n            <\/div>\n            <\/div>\n    \n    <div class=\"cards-wrapper opt-33\">\n\n            \n                \n                <div class=\"card\">\n                                        <div class=\"card-wrapper\">\n                        <div class=\"image-wrapper\">\n                            <img decoding=\"async\" class=\"lozad\" src=\"https:\/\/schneiderpen.com\/brand\/wp-content\/uploads\/schneider-farben-heritage-blue.png\" data-src=\"https:\/\/schneiderpen.com\/brand\/wp-content\/uploads\/schneider-farben-heritage-blue.png\" alt=\"\">\n                        <\/div>\n                                                <div class=\"caption-wrapper\">\n                            <p><strong>Heritage Blue<br \/><\/strong>CMYK: 100 | 20 | 0 | 83<br \/>RGB: 0 | 39 | 65<br \/>HEX: #002741<br \/>Pantone: 303 C<\/p>                        <\/div>\n                                            <\/div>\n                                    <\/div>\n\n            \n                \n                <div class=\"card\">\n                                        <div class=\"card-wrapper\">\n                        <div class=\"image-wrapper\">\n                            <img decoding=\"async\" class=\"lozad\" src=\"https:\/\/schneiderpen.com\/brand\/wp-content\/uploads\/schneider-farben-make-it-blue.png\" data-src=\"https:\/\/schneiderpen.com\/brand\/wp-content\/uploads\/schneider-farben-make-it-blue.png\" alt=\"\">\n                        <\/div>\n                                                <div class=\"caption-wrapper\">\n                            <p><strong>Make it Blue<br \/><\/strong>CMYK: 100 | 60 | 0 | 0\u00a0<br \/>RGB: 15 | 30 | 200<br \/>HEX: #0F1EC8<br \/>Pantone: 2728 C<strong><br \/><\/strong><\/p>                        <\/div>\n                                            <\/div>\n                                    <\/div>\n\n            \n                \n                <div class=\"card\">\n                                        <div class=\"card-wrapper\">\n                        <div class=\"image-wrapper\">\n                            <img decoding=\"async\" class=\"lozad\" src=\"https:\/\/schneiderpen.com\/brand\/wp-content\/uploads\/schneider-farben-matter-blue.png\" data-src=\"https:\/\/schneiderpen.com\/brand\/wp-content\/uploads\/schneider-farben-matter-blue.png\" alt=\"\">\n                        <\/div>\n                                                <div class=\"caption-wrapper\">\n                            <p><strong>Matter Blue<br \/><\/strong>CMYK: 55 | 0 | 5 | 0\u00a0<br \/>RGB: 55 | 215 | 255<br \/>HEX: #37D7FF<br \/>Pantone: 2985 C<strong><br \/><\/strong><\/p>                        <\/div>\n                                            <\/div>\n                                    <\/div>\n\n                    <\/div>\n    <\/div>\n<\/section>\n\n\n\n\n<section class=\"opt-fullwidth  opt-nopadding-top lazyblock-cards-R1Gqs opt-nopadding-top wp-block-lazyblock-cards\">\n    <div class=\"inner-wrapper\">\n\n        <div class=\"headline-wrapper\">\n        <h4>Sekund\u00e4rfarben<\/h4>\n                    <div class=\"copy-wrapper opt-70\">\n                <p>Manchmal braucht es einen starken Akzent, um auf ein Detail aufmerksam zu machen. Dazu steht dir ein strahlendes Gelb als Sekund\u00e4rfarbe zur Verf\u00fcgung, das du als Blickfang f\u00fcr St\u00f6rerelemente einsetzen kannst. Unser leuchtendes Gr\u00fcn ist ausschlie\u00dflich f\u00fcr Produkticons vorbehalten, die auf nachhaltige Eigenschaften verweisen. Hintergr\u00fcnde kannst du mit den zur\u00fcckhaltenden Farbt\u00f6nen Light Grey und Medium Grey gestalten.<\/p>\n            <\/div>\n            <\/div>\n    \n    <div class=\"cards-wrapper opt-25\">\n\n            \n                \n                <div class=\"card\">\n                                        <div class=\"card-wrapper\">\n                        <div class=\"image-wrapper\">\n                            <img decoding=\"async\" class=\"lozad\" src=\"https:\/\/schneiderpen.com\/brand\/wp-content\/uploads\/schneider-farben-gelb.png\" data-src=\"https:\/\/schneiderpen.com\/brand\/wp-content\/uploads\/schneider-farben-gelb.png\" alt=\"\">\n                        <\/div>\n                                                <div class=\"caption-wrapper\">\n                            <p><strong>Gelb<\/strong><\/p>\n<p>CMYK: 0 | 0 | 100 | 0<br \/>RGB: 235 | 237 | 0<br \/>HEX: #FFED00<\/p>                        <\/div>\n                                            <\/div>\n                                    <\/div>\n\n            \n                \n                <div class=\"card\">\n                                        <div class=\"card-wrapper\">\n                        <div class=\"image-wrapper\">\n                            <img decoding=\"async\" class=\"lozad\" src=\"https:\/\/schneiderpen.com\/brand\/wp-content\/uploads\/schneider-farben-gruen-1.png\" data-src=\"https:\/\/schneiderpen.com\/brand\/wp-content\/uploads\/schneider-farben-gruen-1.png\" alt=\"\">\n                        <\/div>\n                                                <div class=\"caption-wrapper\">\n                            <p><strong>Gr\u00fcn<\/strong><\/p>\n<p>CMYK: 50 | 0 | 100 | 0<br \/>RGB: 145 | 205 | 60<br \/>HEX: #91CD3C<\/p>                        <\/div>\n                                            <\/div>\n                                    <\/div>\n\n            \n                \n                <div class=\"card\">\n                                        <div class=\"card-wrapper\">\n                        <div class=\"image-wrapper\">\n                            <img decoding=\"async\" class=\"lozad\" src=\"https:\/\/schneiderpen.com\/brand\/wp-content\/uploads\/schneider-farben-light-grey.png\" data-src=\"https:\/\/schneiderpen.com\/brand\/wp-content\/uploads\/schneider-farben-light-grey.png\" alt=\"\">\n                        <\/div>\n                                                <div class=\"caption-wrapper\">\n                            <p><strong>Light Grey<\/strong><\/p>\n<p>CMYK: 7 | 4 | 4 | 0<br \/>RGB: 242 | 242 | 243<br \/>HEX: #F2F2F3<\/p>                        <\/div>\n                                            <\/div>\n                                    <\/div>\n\n            \n                \n                <div class=\"card\">\n                                        <div class=\"card-wrapper\">\n                        <div class=\"image-wrapper\">\n                            <img decoding=\"async\" class=\"lozad\" src=\"https:\/\/schneiderpen.com\/brand\/wp-content\/uploads\/schneider-farben-medium-grey.png\" data-src=\"https:\/\/schneiderpen.com\/brand\/wp-content\/uploads\/schneider-farben-medium-grey.png\" alt=\"\">\n                        <\/div>\n                                                <div class=\"caption-wrapper\">\n                            <p><strong>Medium Grey<\/strong><\/p>\n<p>CMYK: 5 | 0 | 0 | 15<br \/>RGB: 218 | 223 | 226<br \/>HEX: #DADEE1<\/p>                        <\/div>\n                                            <\/div>\n                                    <\/div>\n\n                    <\/div>\n    <\/div>\n<\/section>\n\n\n\n\n<section class=\"opt-fullwidth opt-fullscreen  opt-nopadding-bot lazyblock-media-single-Z2ewgWT opt-nopadding-bot wp-block-lazyblock-media-single\">\n    <div class=\"inner-wrapper\">\n\n        \n        <div class=\"media-single-wrapper\">\n\n                            <div class=\"image-wrapper\">\n                                            <img decoding=\"async\" class=\"lozad\" src=\"https:\/\/schneiderpen.com\/brand\/wp-content\/uploads\/schneider-create-brush-w-hb.jpg\" data-src=\"https:\/\/schneiderpen.com\/brand\/wp-content\/uploads\/schneider-create-brush-w-hb.jpg\" alt=\"\">\n                                    <\/div>\n            \n            \n        <\/div>\n    <\/div>\n<\/section>\n\n\n\n<section class=\"opt-fullwidth opt-slim opt-primary  opt-well opt-nopadding-bot  lazyblock-headline-2728b2 wp-block-lazyblock-headline\">\n    <div class=\"inner-wrapper\">\n\n        <div class=\"headline-copy-wrapper\">\n\n            <div class=\"headline-wrapper opt-center\">\n                <h2>Schneider Create<\/h2>\n                                <div class=\"copy-wrapper\">\n                    <p>Hier dominieren starke, vollfarbige Fl\u00e4chen in Heritage Blue und Wei\u00df. In welchem Verh\u00e4ltnis die beiden Farben gewichtet werden, kann bei der Gestaltung frei entschieden werden.<\/p>\n                <\/div>\n                \n                \n            <\/div>\n\n        <\/div>\n\n    <\/div>\n<\/section>\n\n\n\n<section class=\"opt-fullwidth  opt-primary opt-well opt-nopadding lazyblock-media-single-Z16GkFe opt-nopadding wp-block-lazyblock-media-single\">\n    <div class=\"inner-wrapper\">\n\n        \n        <div class=\"media-single-wrapper\">\n\n                            <div class=\"image-wrapper\">\n                                            <img decoding=\"async\" class=\"lozad\" src=\"https:\/\/schneiderpen.com\/brand\/wp-content\/uploads\/schneider-farben-create-beispiele.png\" data-src=\"https:\/\/schneiderpen.com\/brand\/wp-content\/uploads\/schneider-farben-create-beispiele.png\" alt=\"\">\n                                    <\/div>\n            \n                            <div class=\"btn-wrapper\">\n                    <a href=\"https:\/\/schneiderpen.com\/brand\/basics\/grafikelemente\/\" class=\"btn btn-secondary\">Zu den Grafikelementen<\/a>\n                <\/div>\n            \n        <\/div>\n    <\/div>\n<\/section>\n\n\n\n<section class=\"opt-fullwidth opt-fullscreen  opt-nopadding-top lazyblock-media-single-Hqpxq opt-nopadding-top wp-block-lazyblock-media-single\">\n    <div class=\"inner-wrapper\">\n\n        \n        <div class=\"media-single-wrapper\">\n\n                            <div class=\"image-wrapper\">\n                                            <img decoding=\"async\" class=\"lozad\" src=\"https:\/\/schneiderpen.com\/brand\/wp-content\/uploads\/schneider-create-brush-hb-w.jpg\" data-src=\"https:\/\/schneiderpen.com\/brand\/wp-content\/uploads\/schneider-create-brush-hb-w.jpg\" alt=\"\">\n                                    <\/div>\n            \n            \n        <\/div>\n    <\/div>\n<\/section>\n\n\n\n<section class=\"opt-fullwidth opt-slim  opt-well opt-nopadding-bot  lazyblock-headline-NeHAu wp-block-lazyblock-headline\">\n    <div class=\"inner-wrapper\">\n\n        <div class=\"headline-copy-wrapper\">\n\n            <div class=\"headline-wrapper \">\n                <h2>Schneider Promote<\/h2>\n                                <div class=\"copy-wrapper\">\n                    <p>Im Produktbereich Schneider Promote werden zwei verschiedene Arten von Verl\u00e4ufen eingesetzt: Der Ambient-Verlauf bietet eine vielseitige B\u00fchne f\u00fcr Texte, Produkte &amp; Co. Der Produkt-Verlauf setzt unsere Schreibger\u00e4te gekonnt in Szene.<\/p>\n                <\/div>\n                \n                \n            <\/div>\n\n        <\/div>\n\n    <\/div>\n<\/section>\n\n\n\n<section class=\"opt-fullwidth opt-slim   lazyblock-media-single-1e4Kcr wp-block-lazyblock-media-single\">\n    <div class=\"inner-wrapper\">\n\n                <div class=\"headline-wrapper \">\n            <div class=\"copy-wrapper\">\n                <h4>Ambient-Verlauf<\/h4>                <div class=\"copy-wrapper\"><p style=\"font-weight: 400;\">Der Ambient-Verlauf flie\u00dft vom Hellen ins Dunkle, immer von links nach rechts. Dabei kann sich der Lichtkegel entweder oben oder unten befinden. So verleiht dieser Verlauf Hintergr\u00fcnden Tiefenwirkung und Struktur.<\/p><\/div>            <\/div>\n        <\/div>\n        \n        <div class=\"media-single-wrapper\">\n\n                            \n<div class=\"opt-video\">\n    <div class=\"video-wrapper opt-selfhosted opt-autoplay is-play\">\n        <div class=\"video-control\"><\/div>\n        <video muted playsinline autoplay loop  aria-label=\"video\">\n            <source src=\"https:\/\/schneiderpen.com\/brand\/wp-content\/uploads\/schneider-promote-ambient-verlauf.mp4\" type=\"video\/mp4\">\n            Your browser does not support the video tag.\n        <\/video>\n    <\/div>\n<\/div>\n            \n            \n        <\/div>\n    <\/div>\n<\/section>\n\n\n\n<section class=\"opt-fullwidth opt-slim  opt-nopadding-top lazyblock-media-single-ZMnFIq opt-nopadding-top wp-block-lazyblock-media-single\">\n    <div class=\"inner-wrapper\">\n\n                <div class=\"headline-wrapper \">\n            <div class=\"copy-wrapper\">\n                <h4>Produkt-Verlauf<\/h4>                <div class=\"copy-wrapper\"><p style=\"font-weight: 400;\">Unbestrittene Highlights sind unsere Schreibger\u00e4te. Das betonen wir mit einem besonderen Stilmittel: Beim Produkt-Verlauf platzieren wir ein zus\u00e4tzliches Licht hinter dem Produkt. Aber aufgepasst! Diese Hintergrundgestaltung verwenden wir nur bei der Darstellung von Einzelprodukten.<\/p><\/div>            <\/div>\n        <\/div>\n        \n        <div class=\"media-single-wrapper\">\n\n                            \n<div class=\"opt-video\">\n    <div class=\"video-wrapper opt-selfhosted opt-autoplay is-play\">\n        <div class=\"video-control\"><\/div>\n        <video muted playsinline autoplay loop  aria-label=\"video\">\n            <source src=\"https:\/\/schneiderpen.com\/brand\/wp-content\/uploads\/schneider-promote-produkt-verlauf.mp4\" type=\"video\/mp4\">\n            Your browser does not support the video tag.\n        <\/video>\n    <\/div>\n<\/div>\n            \n            \n        <\/div>\n    <\/div>\n<\/section>\n\n\n\n<section class=\"opt-fullwidth   opt-well opt-nopadding-bot  lazyblock-headline-6U241 wp-block-lazyblock-headline\">\n    <div class=\"inner-wrapper\">\n\n        <div class=\"headline-copy-wrapper\">\n\n            <div class=\"headline-wrapper \">\n                <h2>Downloads<\/h2>\n                \n                \n            <\/div>\n\n        <\/div>\n\n    <\/div>\n<\/section>\n\n\n\n\n<section class=\"opt-fullwidth opt-nopadding opt-padding-bot  lazyblock-downloads-1gbVRx wp-block-lazyblock-downloads\">\n    <div class=\"inner-wrapper\">\n\n        <div class=\"downloads-wrapper\">\n\n            <div class=\"download-headline-wrapper\">\n                <h4>Schneider Promote Verl\u00e4ufe<\/h4>\n            <\/div>\n            <div class=\"download-content-wrapper\">\n                <div class=\"download-content\">\n\n                    \n                    \n                    <div class=\"download-row opt-left \">\n                        <span>\n                            <div class=\"image-wrapper\">\n                                <img decoding=\"async\" class=\"lozad\" src=\"https:\/\/schneiderpen.com\/brand\/wp-content\/uploads\/schneider-farben-promote-ambient-gradient-landscape.jpg\" data-src=\"https:\/\/schneiderpen.com\/brand\/wp-content\/uploads\/schneider-farben-promote-ambient-gradient-landscape.jpg\" alt=\"schneider_promote_ ambient_gradient_landscape\">                            <\/div>\n                            <div class=\"item-desc\">schneider_promote_ ambient_gradient_landscape<\/div>\n                        <\/span>\n                                                                                                                        <span><a href=\"https:\/\/schneiderpen.com\/brand\/wp-content\/uploads\/schneider_promote_ambient_gradient_landscape_RGB.zip\" target=\"_blank\">.tif<\/a><\/span>                                                                                                    <span><\/span>\n                                                                    <\/div>\n                    \n                    \n                    <div class=\"download-row opt-left \">\n                        <span>\n                            <div class=\"image-wrapper\">\n                                <img decoding=\"async\" class=\"lozad\" src=\"https:\/\/schneiderpen.com\/brand\/wp-content\/uploads\/schneider-farben-promote-ambient-gradient-portrait.jpg\" data-src=\"https:\/\/schneiderpen.com\/brand\/wp-content\/uploads\/schneider-farben-promote-ambient-gradient-portrait.jpg\" alt=\"schneider_promote_ ambient_gradient_portait\">                            <\/div>\n                            <div class=\"item-desc\">schneider_promote_ ambient_gradient_portait<\/div>\n                        <\/span>\n                                                                                                                        <span><a href=\"https:\/\/schneiderpen.com\/brand\/wp-content\/uploads\/schneider_promote_ambient_gradient_portrait_RGB.zip\" target=\"_blank\">.tif<\/a><\/span>                                                                                                    <span><\/span>\n                                                                    <\/div>\n                    \n                    \n                    <div class=\"download-row opt-left \">\n                        <span>\n                            <div class=\"image-wrapper\">\n                                <img decoding=\"async\" class=\"lozad\" src=\"https:\/\/schneiderpen.com\/brand\/wp-content\/uploads\/schneider-farben-promote-product-gradient.jpg\" data-src=\"https:\/\/schneiderpen.com\/brand\/wp-content\/uploads\/schneider-farben-promote-product-gradient.jpg\" alt=\"schneider_promote_ product_gradient\">                            <\/div>\n                            <div class=\"item-desc\">schneider_promote_ product_gradient<\/div>\n                        <\/span>\n                                                                                                                        <span><a href=\"https:\/\/schneiderpen.com\/brand\/wp-content\/uploads\/schneider_promote_product_gradient_RGB.zip\" target=\"_blank\">.tif<\/a><\/span>                                                                                                    <span><\/span>\n                                                                    <\/div>\n                    \n                <\/div>\n            <\/div>\n\n        <\/div>\n    <\/div>\n<\/section>\n\n\n\n\n<section class=\"opt-fullwidth  lazyblock-teaser-cards-small-2lOfVV wp-block-lazyblock-teaser-cards-small\">\n    <div class=\"inner-wrapper\">\n\n                <div class=\"headline-wrapper\">\n            <h2>Deine n\u00e4chsten Schritte<\/h2>\n        <\/div>\n                \n        <div class=\"teaser-cards-small-wrapper\">\n            <div class=\"teaser-cards-small\">\n\n                \n                \n                <a href=\"https:\/\/schneiderpen.com\/brand\/basics\/typografie\/\">\n                    <div class=\"caption-wrapper\">\n                        <h3>Typografie<\/h3>\n                    <\/div>\n                <\/a>\n\n                \n                \n                <a href=\"https:\/\/schneiderpen.com\/brand\/basics\/grafikelemente\/\">\n                    <div class=\"caption-wrapper\">\n                        <h3>Grafikelemente<\/h3>\n                    <\/div>\n                <\/a>\n\n                \n                \n                <a href=\"https:\/\/schneiderpen.com\/brand\/basics\/icons\/\">\n                    <div class=\"caption-wrapper\">\n                        <h3>Icons<\/h3>\n                    <\/div>\n                <\/a>\n\n                \n\n            <\/div>\n        <\/div>\n    <\/div>\n<\/section>\n","protected":false},"excerpt":{"rendered":"","protected":false},"author":1,"featured_media":0,"parent":9,"menu_order":7,"comment_status":"closed","ping_status":"closed","template":"","meta":{"_acf_changed":false,"_seopress_robots_primary_cat":"","_seopress_titles_title":"","_seopress_titles_desc":"","_seopress_robots_index":"","footnotes":""},"class_list":["post-5876","page","type-page","status-publish","hentry"],"acf":[],"lang":"de","translations":{"de":5876,"en":8256},"pll_sync_post":[],"_links":{"self":[{"href":"https:\/\/schneiderpen.com\/brand\/wp-json\/wp\/v2\/pages\/5876","targetHints":{"allow":["GET"]}}],"collection":[{"href":"https:\/\/schneiderpen.com\/brand\/wp-json\/wp\/v2\/pages"}],"about":[{"href":"https:\/\/schneiderpen.com\/brand\/wp-json\/wp\/v2\/types\/page"}],"author":[{"embeddable":true,"href":"https:\/\/schneiderpen.com\/brand\/wp-json\/wp\/v2\/users\/1"}],"replies":[{"embeddable":true,"href":"https:\/\/schneiderpen.com\/brand\/wp-json\/wp\/v2\/comments?post=5876"}],"version-history":[{"count":226,"href":"https:\/\/schneiderpen.com\/brand\/wp-json\/wp\/v2\/pages\/5876\/revisions"}],"predecessor-version":[{"id":10533,"href":"https:\/\/schneiderpen.com\/brand\/wp-json\/wp\/v2\/pages\/5876\/revisions\/10533"}],"up":[{"embeddable":true,"href":"https:\/\/schneiderpen.com\/brand\/wp-json\/wp\/v2\/pages\/9"}],"wp:attachment":[{"href":"https:\/\/schneiderpen.com\/brand\/wp-json\/wp\/v2\/media?parent=5876"}],"curies":[{"name":"wp","href":"https:\/\/api.w.org\/{rel}","templated":true}]}}