{"id":6053,"date":"2025-03-17T15:24:13","date_gmt":"2025-03-17T14:24:13","guid":{"rendered":"https:\/\/schneiderpen.com\/brand\/?page_id=6053"},"modified":"2026-02-24T12:30:54","modified_gmt":"2026-02-24T11:30:54","slug":"typografie","status":"publish","type":"page","link":"https:\/\/schneiderpen.com\/brand\/basics\/typografie\/","title":{"rendered":"Typografie"},"content":{"rendered":"\n<section class=\"opt-fullwidth  opt-well   lazyblock-intro-Z12BrO5 wp-block-lazyblock-intro\">\n    <div class=\"inner-wrapper\">\n        <div class=\"intro-wrapper\">\n            <div class=\"headline-wrapper\">\n                <h1>Typografie<\/h1>\n            <\/div>\n            <div class=\"copy-wrapper\">\n                <p>Ein einheitliches Schriftbild vermittelt einen geschlossenen Markenauftritt \u00fcber alle Medienkan\u00e4le hinweg. Deshalb verwenden wir f\u00fcr unsere Markenkommunikation allein die TT Norms Pro Compact.<\/p>\n                \n            <\/div>\n        <\/div>\n    <\/div>\n<\/section>\n\n\n\n<section class=\"opt-fullwidth opt-slim  opt-well opt-nopadding-bot opt-nopadding-top lazyblock-headline-1PuyHj opt-nopadding-top wp-block-lazyblock-headline\">\n    <div class=\"inner-wrapper\">\n\n        <div class=\"headline-copy-wrapper\">\n\n            <div class=\"headline-wrapper \">\n                <h2>Hausschrift<\/h2>\n                                <div class=\"copy-wrapper\">\n                    <p>Unsere Hausschrift TT Norms Pro Compact verf\u00fcgt \u00fcber eine akkurat konstruierte Anmutung. Dieser technische Duktus wird durch weiche Schw\u00fcnge und Kurven aufgebrochen. So entsteht ein einmaliger Schriftcharakter, der die Marke und unsere Produkte angemessen repr\u00e4sentiert.<\/p>\n                <\/div>\n                \n                \n            <\/div>\n\n        <\/div>\n\n    <\/div>\n<\/section>\n\n\n\n<section class=\"opt-fullwidth opt-slim   lazyblock-media-single-Z1UT3qV wp-block-lazyblock-media-single\">\n    <div class=\"inner-wrapper\">\n\n        \n        <div class=\"media-single-wrapper\">\n\n                            <div class=\"image-wrapper\">\n                                            <img decoding=\"async\" class=\"lozad\" src=\"https:\/\/schneiderpen.com\/brand\/wp-content\/uploads\/schneider-typografie-ttnorms.svg\" data-src=\"https:\/\/schneiderpen.com\/brand\/wp-content\/uploads\/schneider-typografie-ttnorms.svg\" alt=\"\">\n                                    <\/div>\n            \n                            <div class=\"btn-wrapper\">\n                    <a href=\"https:\/\/www.myfonts.com\/de\/collections\/tt-norms-font-typetype\" class=\"btn btn-secondary\">Font lizensieren<\/a>\n                <\/div>\n            \n        <\/div>\n    <\/div>\n<\/section>\n\n\n\n<section class=\"opt-fullwidth  opt-trinary opt-well opt-nopadding-bot lazyblock-media-single-z4JHD opt-nopadding-bot wp-block-lazyblock-media-single\">\n    <div class=\"inner-wrapper\">\n\n        \n        <div class=\"media-single-wrapper\">\n\n                            \n\n\n<div class=\"opt-video\">\n    <div class=\"svg-wrapper\">\n        <lottie-player class=\"lottie\" id=\"lazyblock-media-single-z4JHD\" data-name=\"lazyblock-media-single-z4JHD\" src=\"https:\/\/schneiderpen.com\/brand\/wp-content\/uploads\/schneider-typografie-headlines.json\" autoplay loop background=\"transparent\" speed=\"1\" style=\"width: 100%; height: 100%;\" ><\/lottie-player>\n    <\/div>\n<\/div>\n\n\n            \n            \n        <\/div>\n    <\/div>\n<\/section>\n\n\n\n<section class=\"opt-fullwidth opt-slim opt-trinary  opt-well opt-nopadding-bot  lazyblock-headline-ZH5Wsg wp-block-lazyblock-headline\">\n    <div class=\"inner-wrapper\">\n\n        <div class=\"headline-copy-wrapper\">\n\n            <div class=\"headline-wrapper opt-center\">\n                <h2>Headlines<\/h2>\n                                <div class=\"copy-wrapper\">\n                    <p>Sie ist der Star des Layouts, die die Aufmerksamkeit als erste auf sich zieht: die Headline. Kombiniere Schriftschnitte und Farben individuell und erzeuge damit passgenaue Looks: mal dezenter, mal auffallender. Dar\u00fcber hinaus kannst du mit den Matter Lines starke Akzente setzen \u2013 allerdings nur dann, wenn die \u00dcberschrift nicht farbig gesetzt ist.<\/p>\n                <\/div>\n                \n                \n            <\/div>\n\n        <\/div>\n\n    <\/div>\n<\/section>\n\n\n\n<section class=\"opt-fullwidth opt-trinary opt-well  lazyblock-cards-L0yqe wp-block-lazyblock-cards\">\n    <div class=\"inner-wrapper\">\n\n    \n    <div class=\"cards-wrapper opt-33\">\n\n            \n                \n                <div class=\"card\">\n                                        <div class=\"card-wrapper\">\n                        <div class=\"image-wrapper\">\n                            <img decoding=\"async\" class=\"lozad\" src=\"https:\/\/schneiderpen.com\/brand\/wp-content\/uploads\/schneider-typografie-headline_bold_matterline.svg\" data-src=\"https:\/\/schneiderpen.com\/brand\/wp-content\/uploads\/schneider-typografie-headline_bold_matterline.svg\" alt=\"\">\n                        <\/div>\n                                            <\/div>\n                                    <\/div>\n\n            \n                \n                <div class=\"card\">\n                                        <div class=\"card-wrapper\">\n                        <div class=\"image-wrapper\">\n                            <img decoding=\"async\" class=\"lozad\" src=\"https:\/\/schneiderpen.com\/brand\/wp-content\/uploads\/schneider-typografie-headline_bold_reg.svg\" data-src=\"https:\/\/schneiderpen.com\/brand\/wp-content\/uploads\/schneider-typografie-headline_bold_reg.svg\" alt=\"\">\n                        <\/div>\n                                            <\/div>\n                                    <\/div>\n\n            \n                \n                <div class=\"card\">\n                                        <div class=\"card-wrapper\">\n                        <div class=\"image-wrapper\">\n                            <img decoding=\"async\" class=\"lozad\" src=\"https:\/\/schneiderpen.com\/brand\/wp-content\/uploads\/schneider-typografie-headline_bold_c.svg\" data-src=\"https:\/\/schneiderpen.com\/brand\/wp-content\/uploads\/schneider-typografie-headline_bold_c.svg\" alt=\"\">\n                        <\/div>\n                                            <\/div>\n                                    <\/div>\n\n                    <\/div>\n    <\/div>\n<\/section>\n\n\n\n\n<section class=\"opt-fullwidth opt-fullscreen opt-media-text    lazyblock-media-text-Z17MQFA wp-block-lazyblock-media-text\">\n    <div class=\"inner-wrapper\">\n        <div class=\"media-text-wrapper \">\n            <div class=\"media-wrapper\">\n                                    <div class=\"image-wrapper\">\n                                                <img decoding=\"async\" class=\"lozad\" src=\"https:\/\/schneiderpen.com\/brand\/wp-content\/uploads\/schneider-typografie-headline-extrabold.svg\" data-src=\"https:\/\/schneiderpen.com\/brand\/wp-content\/uploads\/schneider-typografie-headline-extrabold.svg\" alt=\"\">\n                                            <\/div>\n                            <\/div>\n            <div class=\"text-wrapper \">\n                <h4>Sehr gro\u00dfe Schriftgr\u00f6\u00dfen<\/h4>\n\n                <p style=\"font-weight: 400;\">Die Headline soll der absolute Hingucker auf einem Plakat oder im Header-Bereich werden? Dann aufgepasst: Bei einer Schriftgr\u00f6\u00dfe \u00fcber 60 px (bzw. 45 pt) wird der Bold-Schnitt durch den ExtraBold-Schnitt ersetzt.<\/p>\n                \n                \n            <\/div>\n        <\/div>\n    <\/div>\n<\/section>\n\n\n\n<section class=\"opt-fullwidth opt-slim  opt-well opt-nopadding-bot  lazyblock-headline-1kUHym wp-block-lazyblock-headline\">\n    <div class=\"inner-wrapper\">\n\n        <div class=\"headline-copy-wrapper\">\n\n            <div class=\"headline-wrapper opt-center\">\n                <h2>Farbkombinationen<\/h2>\n                                <div class=\"copy-wrapper\">\n                    <p>Unsere Hausfarben bieten eine Vielzahl an Kombinationsm\u00f6glichkeiten beim Setzen von Schrift auf farbigem Untergrund. Die \u00dcbersicht zeigt, welche M\u00f6glichkeiten dir hier offenstehen. Besonders viel Freiheit bieten unsere Prim\u00e4rfarben. Bei unseren Sekund\u00e4rfarben gibt es aus Gr\u00fcnden der Lesbarkeit allerdings nur jeweils eine erlaubte Farbkombination.<\/p>\n                <\/div>\n                \n                \n            <\/div>\n\n        <\/div>\n\n    <\/div>\n<\/section>\n\n\n\n<section class=\"opt-fullwidth opt-slim   lazyblock-media-single-7sLfi wp-block-lazyblock-media-single\">\n    <div class=\"inner-wrapper\">\n\n        \n        <div class=\"media-single-wrapper\">\n\n                            <div class=\"image-wrapper\">\n                                            <img decoding=\"async\" class=\"lozad\" src=\"https:\/\/schneiderpen.com\/brand\/wp-content\/uploads\/schneider-typografie-color-system-de.svg\" data-src=\"https:\/\/schneiderpen.com\/brand\/wp-content\/uploads\/schneider-typografie-color-system-de.svg\" alt=\"\">\n                                    <\/div>\n            \n            \n        <\/div>\n    <\/div>\n<\/section>\n\n\n\n<section class=\"opt-fullwidth opt-fullscreen opt-media-text opt-secondary   lazyblock-media-text-1uCW3T wp-block-lazyblock-media-text\">\n    <div class=\"inner-wrapper\">\n        <div class=\"media-text-wrapper \">\n            <div class=\"media-wrapper\">\n                                    <div class=\"image-wrapper\">\n                                                <img decoding=\"async\" class=\"lozad\" src=\"https:\/\/schneiderpen.com\/brand\/wp-content\/uploads\/schneider-write-teaser-grafikelemente.png\" data-src=\"https:\/\/schneiderpen.com\/brand\/wp-content\/uploads\/schneider-write-teaser-grafikelemente.png\" alt=\"\">\n                                            <\/div>\n                            <\/div>\n            <div class=\"text-wrapper \">\n                <h4>Hierarchische Ordnung<\/h4>\n\n                <p style=\"font-weight: 400;\">F\u00fcr die Gestaltung stehen dir verschiedene Schriftschnitte der TT Norms Pro Compact zur Verf\u00fcgung. Verwende die verschiedenen Schnitte dazu, lebendige und \u00e4sthetische Layouts zu gestalten. Doch weniger ist hier mehr: Achte darauf, dass ein ausgewogenes Schriftbild entsteht, ohne zu gro\u00dfer Varianz an Schriftgr\u00f6\u00dfen und -arten.<\/p>\n                \n                \n            <\/div>\n        <\/div>\n    <\/div>\n<\/section>\n\n\n\n<section class=\"opt-fullwidth opt-fullscreen  opt-nopadding-bot lazyblock-media-single-1N7pW7 opt-nopadding-bot wp-block-lazyblock-media-single\">\n    <div class=\"inner-wrapper\">\n\n        \n        <div class=\"media-single-wrapper\">\n\n                            <div class=\"image-wrapper\">\n                                            <img decoding=\"async\" class=\"lozad\" src=\"https:\/\/schneiderpen.com\/brand\/wp-content\/uploads\/schneider-create-brush-w-hb.jpg\" data-src=\"https:\/\/schneiderpen.com\/brand\/wp-content\/uploads\/schneider-create-brush-w-hb.jpg\" alt=\"\">\n                                    <\/div>\n            \n            \n        <\/div>\n    <\/div>\n<\/section>\n\n\n\n<section class=\"opt-fullwidth  opt-primary opt-well opt-nopadding lazyblock-media-single-1TYsX8 opt-nopadding wp-block-lazyblock-media-single\">\n    <div class=\"inner-wrapper\">\n\n        \n        <div class=\"media-single-wrapper\">\n\n                            <div class=\"image-wrapper\">\n                                            <img decoding=\"async\" class=\"lozad\" src=\"https:\/\/schneiderpen.com\/brand\/wp-content\/uploads\/schneider-typografie-create-makersline-regular.svg\" data-src=\"https:\/\/schneiderpen.com\/brand\/wp-content\/uploads\/schneider-typografie-create-makersline-regular.svg\" alt=\"\">\n                                    <\/div>\n            \n            \n        <\/div>\n    <\/div>\n<\/section>\n\n\n\n<section class=\"opt-fullwidth opt-slim opt-primary  opt-well opt-nopadding-bot opt-nopadding lazyblock-headline-ZivyW9 opt-nopadding wp-block-lazyblock-headline\">\n    <div class=\"inner-wrapper\">\n\n        <div class=\"headline-copy-wrapper\">\n\n            <div class=\"headline-wrapper \">\n                <h2>Makers Line Regular<\/h2>\n                                <div class=\"copy-wrapper\">\n                    <p>Schneider Create ist das Zuhause f\u00fcr kreative K\u00f6pfe. Die unkonventionelle Haltung bringen wir unter anderem mit einer eigenen Schrift zum Ausdruck, die speziell f\u00fcr diesen Produktbereich entwickelt wurde. Die Makers Line Regular wird ausschlie\u00dflich bei Headlines, Auszeichnungen oder Zitaten eingesetzt \u2013 ausschlie\u00dflich im Versalsatz. Mit Matter Lines kannst du dabei ausgew\u00e4hlte Worte visuell betonen.<\/p>\n                <\/div>\n                \n                                <div class=\"btn-wrapper opt-right\">\n                    <a href=\"https:\/\/schneiderpen.com\/brand\/wp-content\/uploads\/MakersLine-Regular.zip\" class=\"btn btn-download\">Schriftpaket herunterladen<\/a>\n                <\/div>\n                \n            <\/div>\n\n        <\/div>\n\n    <\/div>\n<\/section>\n\n\n\n<section class=\"opt-fullwidth opt-primary opt-well opt-nopadding lazyblock-cards-Z19o5bN opt-nopadding wp-block-lazyblock-cards\">\n    <div class=\"inner-wrapper\">\n\n    \n    <div class=\"cards-wrapper opt-50\">\n\n            \n                \n                <div class=\"card\">\n                                        <div class=\"card-wrapper\">\n                        <div class=\"image-wrapper\">\n                            <img decoding=\"async\" class=\"lozad\" src=\"https:\/\/schneiderpen.com\/brand\/wp-content\/uploads\/schneider-typografie-create-font-color-w.svg\" data-src=\"https:\/\/schneiderpen.com\/brand\/wp-content\/uploads\/schneider-typografie-create-font-color-w.svg\" alt=\"\">\n                        <\/div>\n                                            <\/div>\n                                    <\/div>\n\n            \n                \n                <div class=\"card\">\n                                        <div class=\"card-wrapper\">\n                        <div class=\"image-wrapper\">\n                            <img decoding=\"async\" class=\"lozad\" src=\"https:\/\/schneiderpen.com\/brand\/wp-content\/uploads\/schneider-typografie-create-font-color-hb.svg\" data-src=\"https:\/\/schneiderpen.com\/brand\/wp-content\/uploads\/schneider-typografie-create-font-color-hb.svg\" alt=\"\">\n                        <\/div>\n                                            <\/div>\n                                    <\/div>\n\n                    <\/div>\n    <\/div>\n<\/section>\n\n\n\n\n<section class=\"opt-fullwidth opt-fullscreen  opt-nopadding-top lazyblock-media-single-2qdEst opt-nopadding-top wp-block-lazyblock-media-single\">\n    <div class=\"inner-wrapper\">\n\n        \n        <div class=\"media-single-wrapper\">\n\n                            <div class=\"image-wrapper\">\n                                            <img decoding=\"async\" class=\"lozad\" src=\"https:\/\/schneiderpen.com\/brand\/wp-content\/uploads\/schneider-create-brush-hb-w.jpg\" data-src=\"https:\/\/schneiderpen.com\/brand\/wp-content\/uploads\/schneider-create-brush-hb-w.jpg\" alt=\"\">\n                                    <\/div>\n            \n            \n        <\/div>\n    <\/div>\n<\/section>\n\n\n\n<section class=\"opt-fullwidth opt-slim  opt-well opt-nopadding-bot  lazyblock-headline-oieFC wp-block-lazyblock-headline\">\n    <div class=\"inner-wrapper\">\n\n        <div class=\"headline-copy-wrapper\">\n\n            <div class=\"headline-wrapper \">\n                <h2>Korrespondenzschrift<\/h2>\n                                <div class=\"copy-wrapper\">\n                    <p>Die auf allen Rechnern verf\u00fcgbare Arial (eine sogenannte Systemschrift) wird f\u00fcr die Korrespondenz und f\u00fcr nutzergenerierte Bestandteile der Gesch\u00e4ftsausstattung (z. B. individuell eindruckbare Adressbl\u00f6cke u. \u00e4.) eingesetzt, dar\u00fcber hinaus f\u00fcr PowerPoint-Pr\u00e4sentationen, E-Mails einschlie\u00dflich E-Mail-Signatur, Internet und Intranet.<\/p>\n                <\/div>\n                \n                \n            <\/div>\n\n        <\/div>\n\n    <\/div>\n<\/section>\n\n\n\n<section class=\"opt-fullwidth   opt-well opt-nopadding-bot  lazyblock-headline-Zi0SRB wp-block-lazyblock-headline\">\n    <div class=\"inner-wrapper\">\n\n        <div class=\"headline-copy-wrapper\">\n\n            <div class=\"headline-wrapper \">\n                <h2>Don\u2019ts<\/h2>\n                \n                \n            <\/div>\n\n        <\/div>\n\n    <\/div>\n<\/section>\n\n\n\n<section class=\"opt-fullwidth   lazyblock-cards-Z2pqSNc wp-block-lazyblock-cards\">\n    <div class=\"inner-wrapper\">\n\n    \n    <div class=\"cards-wrapper opt-25\">\n\n            \n                \n                <div class=\"card\">\n                                        <div class=\"card-wrapper\">\n                        <div class=\"image-wrapper\">\n                            <img decoding=\"async\" class=\"lozad\" src=\"https:\/\/schneiderpen.com\/brand\/wp-content\/uploads\/schneider-typografie-dont-07.svg\" data-src=\"https:\/\/schneiderpen.com\/brand\/wp-content\/uploads\/schneider-typografie-dont-07.svg\" alt=\"\">\n                        <\/div>\n                                                <div class=\"caption-wrapper\">\n                            <p>Keine Versalschreibweise der TT Norms<\/p>                        <\/div>\n                                            <\/div>\n                                    <\/div>\n\n            \n                \n                <div class=\"card\">\n                                        <div class=\"card-wrapper\">\n                        <div class=\"image-wrapper\">\n                            <img decoding=\"async\" class=\"lozad\" src=\"https:\/\/schneiderpen.com\/brand\/wp-content\/uploads\/schneider-typografie-dont-08.svg\" data-src=\"https:\/\/schneiderpen.com\/brand\/wp-content\/uploads\/schneider-typografie-dont-08.svg\" alt=\"\">\n                        <\/div>\n                                                <div class=\"caption-wrapper\">\n                            <p>Keine Gemischtschreibweise der Makers Line Regular<\/p>                        <\/div>\n                                            <\/div>\n                                    <\/div>\n\n            \n                \n                <div class=\"card\">\n                                        <div class=\"card-wrapper\">\n                        <div class=\"image-wrapper\">\n                            <img decoding=\"async\" class=\"lozad\" src=\"https:\/\/schneiderpen.com\/brand\/wp-content\/uploads\/schneider-typografie-dont-09.svg\" data-src=\"https:\/\/schneiderpen.com\/brand\/wp-content\/uploads\/schneider-typografie-dont-09.svg\" alt=\"\">\n                        <\/div>\n                                                <div class=\"caption-wrapper\">\n                            <p>Kein Typomix mit zu wenig Kontrast<\/p>                        <\/div>\n                                            <\/div>\n                                    <\/div>\n\n            \n                \n                <div class=\"card\">\n                                        <div class=\"card-wrapper\">\n                        <div class=\"image-wrapper\">\n                            <img decoding=\"async\" class=\"lozad\" src=\"https:\/\/schneiderpen.com\/brand\/wp-content\/uploads\/schneider-typografie-dont-10.svg\" data-src=\"https:\/\/schneiderpen.com\/brand\/wp-content\/uploads\/schneider-typografie-dont-10.svg\" alt=\"\">\n                        <\/div>\n                                                <div class=\"caption-wrapper\">\n                            <p>Keine Verzerrung oder Stauchung<\/p>                        <\/div>\n                                            <\/div>\n                                    <\/div>\n\n            \n                \n                <div class=\"card\">\n                                        <div class=\"card-wrapper\">\n                        <div class=\"image-wrapper\">\n                            <img decoding=\"async\" class=\"lozad\" src=\"https:\/\/schneiderpen.com\/brand\/wp-content\/uploads\/schneider-typografie-dont-02.svg\" data-src=\"https:\/\/schneiderpen.com\/brand\/wp-content\/uploads\/schneider-typografie-dont-02.svg\" alt=\"\">\n                        <\/div>\n                                                <div class=\"caption-wrapper\">\n                            <p>Keine unlesbaren Farbkombinationen<\/p>                        <\/div>\n                                            <\/div>\n                                    <\/div>\n\n            \n                \n                <div class=\"card\">\n                                        <div class=\"card-wrapper\">\n                        <div class=\"image-wrapper\">\n                            <img decoding=\"async\" class=\"lozad\" src=\"https:\/\/schneiderpen.com\/brand\/wp-content\/uploads\/schneider-typografie-dont-04.svg\" data-src=\"https:\/\/schneiderpen.com\/brand\/wp-content\/uploads\/schneider-typografie-dont-04.svg\" alt=\"\">\n                        <\/div>\n                                                <div class=\"caption-wrapper\">\n                            <p>Keine Matter Blue Schrift auf grauen Fl\u00e4chen<\/p>                        <\/div>\n                                            <\/div>\n                                    <\/div>\n\n            \n                \n                <div class=\"card\">\n                                        <div class=\"card-wrapper\">\n                        <div class=\"image-wrapper\">\n                            <img decoding=\"async\" class=\"lozad\" src=\"https:\/\/schneiderpen.com\/brand\/wp-content\/uploads\/schneider-typografie-dont-05.svg\" data-src=\"https:\/\/schneiderpen.com\/brand\/wp-content\/uploads\/schneider-typografie-dont-05.svg\" alt=\"\">\n                        <\/div>\n                                                <div class=\"caption-wrapper\">\n                            <p>Keine unzul\u00e4ssigen Farbkombinationen<\/p>                        <\/div>\n                                            <\/div>\n                                    <\/div>\n\n            \n                \n                <div class=\"card\">\n                                        <div class=\"card-wrapper\">\n                        <div class=\"image-wrapper\">\n                            <img decoding=\"async\" class=\"lozad\" src=\"https:\/\/schneiderpen.com\/brand\/wp-content\/uploads\/schneider-typografie-dontsvg-08.svg\" data-src=\"https:\/\/schneiderpen.com\/brand\/wp-content\/uploads\/schneider-typografie-dontsvg-08.svg\" alt=\"\">\n                        <\/div>\n                                                <div class=\"caption-wrapper\">\n                            <p>Kein farbiger Einsatz der Makers Line Regular<\/p>                        <\/div>\n                                            <\/div>\n                                    <\/div>\n\n                    <\/div>\n    <\/div>\n<\/section>\n\n\n\n\n\n<section class=\"opt-fullwidth  lazyblock-teaser-cards-small-2hOFWX wp-block-lazyblock-teaser-cards-small\">\n    <div class=\"inner-wrapper\">\n\n                <div class=\"headline-wrapper\">\n            <h2>Deine n\u00e4chsten Schritte<\/h2>\n        <\/div>\n                \n        <div class=\"teaser-cards-small-wrapper\">\n            <div class=\"teaser-cards-small\">\n\n                \n                \n                <a href=\"https:\/\/schneiderpen.com\/brand\/basics\/grafikelemente\/\">\n                    <div class=\"caption-wrapper\">\n                        <h3>Grafikelemente<\/h3>\n                    <\/div>\n                <\/a>\n\n                \n                \n                <a href=\"https:\/\/schneiderpen.com\/brand\/basics\/icons\/\">\n                    <div class=\"caption-wrapper\">\n                        <h3>Icons<\/h3>\n                    <\/div>\n                <\/a>\n\n                \n                \n                <a href=\"https:\/\/schneiderpen.com\/brand\/basics\/schreibweisen\/\">\n                    <div class=\"caption-wrapper\">\n                        <h3>Begriffe &#038; Schreibweisen<\/h3>\n                    <\/div>\n                <\/a>\n\n                \n\n            <\/div>\n        <\/div>\n    <\/div>\n<\/section>\n","protected":false},"excerpt":{"rendered":"","protected":false},"author":1,"featured_media":0,"parent":9,"menu_order":5,"comment_status":"closed","ping_status":"closed","template":"","meta":{"_acf_changed":false,"_seopress_robots_primary_cat":"","_seopress_titles_title":"","_seopress_titles_desc":"","_seopress_robots_index":"","footnotes":""},"class_list":["post-6053","page","type-page","status-publish","hentry"],"acf":[],"lang":"de","translations":{"de":6053,"en":7328},"pll_sync_post":[],"_links":{"self":[{"href":"https:\/\/schneiderpen.com\/brand\/wp-json\/wp\/v2\/pages\/6053","targetHints":{"allow":["GET"]}}],"collection":[{"href":"https:\/\/schneiderpen.com\/brand\/wp-json\/wp\/v2\/pages"}],"about":[{"href":"https:\/\/schneiderpen.com\/brand\/wp-json\/wp\/v2\/types\/page"}],"author":[{"embeddable":true,"href":"https:\/\/schneiderpen.com\/brand\/wp-json\/wp\/v2\/users\/1"}],"replies":[{"embeddable":true,"href":"https:\/\/schneiderpen.com\/brand\/wp-json\/wp\/v2\/comments?post=6053"}],"version-history":[{"count":214,"href":"https:\/\/schneiderpen.com\/brand\/wp-json\/wp\/v2\/pages\/6053\/revisions"}],"predecessor-version":[{"id":11354,"href":"https:\/\/schneiderpen.com\/brand\/wp-json\/wp\/v2\/pages\/6053\/revisions\/11354"}],"up":[{"embeddable":true,"href":"https:\/\/schneiderpen.com\/brand\/wp-json\/wp\/v2\/pages\/9"}],"wp:attachment":[{"href":"https:\/\/schneiderpen.com\/brand\/wp-json\/wp\/v2\/media?parent=6053"}],"curies":[{"name":"wp","href":"https:\/\/api.w.org\/{rel}","templated":true}]}}